2, 3, 7, 269
What are the prime factors of 753964?
2, 188491
List the prime factors of 774025.
5, 7, 4423
What are the prime factors of 2198?
2, 7, 157
List the prime factors of 2991353.
2991353
List the prime factors of 808351.
808351
List the prime factors of 89049.
3, 29683
List the prime factors of 2495298.
2, 3, 13, 31991
What are the prime factors of 8074004?
2, 491, 4111
List the prime factors of 2684531.
2684531
What are the prime factors of 206235?
3, 5, 4583
What are the prime factors of 12685354?
2, 11, 29, 59, 337
List the prime factors of 14343748.
2, 29, 123653
List the prime factors of 42777420.
2, 3, 5, 7, 179, 569
What are the prime factors of 5500168?
2, 687521
What are the prime factors of 2772186?
2, 3, 491, 941
List the prime factors of 531316.
2, 19, 6991
What are the prime factors of 2408416?
2, 73, 1031
What are the prime factors of 1790992?
2, 7, 15991
What are the prime factors of 6034273?
7, 97, 8887
What are the prime factors of 1981?
7, 283
What are the prime factors of 8678281?
1171, 7411
List the prime factors of 3568898.
2, 47, 37967
List the prime factors of 44812.
2, 17, 659
What are the prime factors of 417331?
417331
List the prime factors of 6651528.
2, 3, 13, 21319
What are the prime factors of 1155813?
3, 17, 131, 173
What are the prime factors of 135443?
7, 11, 1759
What are the prime factors of 162382?
2, 11, 61
What are the prime factors of 4005312?
2, 3, 23, 907
What are the prime factors of 1168045?
5, 233609
What are the prime factors of 40906?
2, 113, 181
What are the prime factors of 129402?
2, 3, 7, 13, 79
What are the prime factors of 20337458?
2, 863, 11783
List the prime factors of 7899350.
2, 5, 23, 6869
List the prime factors of 191195.
5, 38239
List the prime factors of 181461.
3, 7, 8641
What are the prime factors of 5063952?
2, 3, 105499
List the prime factors of 210767.
19, 11093
List the prime factors of 2038334.
2, 17, 59951
List the prime factors of 9345451.
9345451
What are the prime factors of 109512?
2, 3, 13
What are the prime factors of 1401134?
2, 7, 41, 2441
List the prime factors of 87791.
11, 23, 347
What are the prime factors of 636548?
2, 11, 17, 23, 37
What are the prime factors of 1009354?
2, 504677
What are the prime factors of 475428?
2, 3, 39619
What are the prime factors of 7667840?
2, 5, 11981
List the prime factors of 16449995.
5, 31, 106129
List the prime factors of 3421682.
2, 11, 43, 3617
What are the prime factors of 494378?
2, 41, 6029
List the prime factors of 790057.
790057
What are the prime factors of 98841?
3, 47, 701
What are the prime factors of 182743?
11, 37, 449
List the prime factors of 11101719.
3, 19, 194767
What are the prime factors of 9689738?
2, 101, 47969
List the prime factors of 384172.
2, 96043
List the prime factors of 3409873.
19, 197, 911
List the prime factors of 755487.
3, 3109
List the prime factors of 308556.
2, 3, 2857
What are the prime factors of 31496833?
89, 353897
What are the prime factors of 282914?
2, 17, 53, 157
List the prime factors of 164830.
2, 5, 53, 311
What are the prime factors of 16507736?
2, 7, 294781
List the prime factors of 3885048.
2, 3, 53959
What are the prime factors of 15171?
3, 13, 389
List the prime factors of 1753957.
23, 76259
List the prime factors of 229762.
2, 13, 8837
What are the prime factors of 905280?
2, 3, 5, 23, 41
What are the prime factors of 120354?
2, 3, 13, 1543
What are the prime factors of 15510399?
3, 107, 211, 229
What are the prime factors of 1307075?
5, 7, 11, 97
What are the prime factors of 80548?
2, 13, 1549
What are the prime factors of 4151532?
2, 3, 7, 11, 4493
What are the prime factors of 2540736?
2, 3, 11, 401
List the prime factors of 50393.
7, 23, 313
What are the prime factors of 1508807?
59, 107, 239
What are the prime factors of 37205?
5, 7, 1063
List the prime factors of 383095.
5, 17, 4507
List the prime factors of 8235220.
2, 5, 7, 59, 997
List the prime factors of 11054773.
11054773
What are the prime factors of 843991?
599, 1409
List the prime factors of 3513161.
401, 8761
List the prime factors of 269629.
19, 23, 617
List the prime factors of 684157.
684157
What are the prime factors of 14634?
2, 3, 271
What are the prime factors of 1210110?
2, 3, 5, 11, 19, 193
List the prime factors of 868890.
2, 3, 5, 11, 2633
List the prime factors of 4097890.
2, 5, 31, 13219
List the prime factors of 1087072.
2, 7, 23, 211
List the prime factors of 540791.
479, 1129
What are the prime factors of 25662569?
191, 134359
What are the prime factors of 339990?
2, 3, 5, 7, 1619
What are the prime factors of 217352?
2, 101, 269
What are the prime factors of 27138754?
2, 13569377
List the prime factors of 148082.
2, 11, 53, 127
What are the prime factors of 2190890?
2, 5, 13, 19, 887
List the prime factors of 455945.
5, 7, 1861
List the prime factors of 1038609.
3, 11, 13, 269
List the prime factors of 10453214.
2, 43, 197, 617
List the prime factors of 1492789.
1492789
What are the prime factors of 557602?
2, 278801
List the prime factors of 1580985.
3, 5, 7, 239
What are the prime factors of 473300?
2, 5, 4733
List the prime factors of 3186657.
3, 354073
List the prime factors of 7555119.
3, 11, 13, 1601
List the prime factors of 959250.
2, 3, 5, 1279
What are the prime factors of 1309098?
2, 3, 7, 71, 439
List the prime factors of 6072851.
23, 229, 1153
What are the prime factors of 4342617?
3, 482513
List the prime factors of 2803952.
2, 29, 6043
What are the prime factors of 82140?
2, 3, 5, 37
What are the prime factors of 357251?
29, 97, 127
What are the prime factors of 268015?
5, 11, 443
What are the prime factors of 1247418?
2, 3, 37, 1873
List the prime factors of 1028322.
2, 3, 137, 139
What are the prime factors of 1411045?
5, 43, 6563
What are the prime factors of 220280?
2, 5, 5507
List the prime factors of 133845.
3, 5, 8923
List the prime factors of 1437563.
31, 79, 587
List the prime factors of 206999.
13, 15923
List the prime factors of 933372.
2, 3, 11, 2357
List the prime factors of 1412792.
2, 176599
What are the prime factors of 698444?
2, 283, 617
What are the prime factors of 2057817?
3, 685939
What are the prime factors of 237111?
3, 7, 1613
List the prime factors of 1402553.
313, 4481
What are the prime factors of 18749621?
11, 1704511
List the prime factors of 41358038.
2, 227, 91097
List the prime factors of 20543415.
3, 5, 1369561
What are the prime factors of 470563?
569, 827
List the prime factors of 4012451.
4012451
List the prime factors of 218343.
3, 73, 997
List the prime factors of 16277514.
2, 3, 11, 23, 10723
List the prime factors of 9019137.
3, 107, 28097
What are the prime factors of 195117?
3, 13, 5003
What are the prime factors of 250907?
23, 10909
What are the prime factors of 2780076?
2, 3, 13, 71, 251
What are the prime factors of 1508624?
2, 13, 7253
What are the prime factors of 1279138?
2, 7, 91367
What are the prime factors of 208821?
3, 47, 1481
What are the prime factors of 1868258?
2, 7, 133447
What are the prime factors of 4809937?
11, 43, 10169
List the prime factors of 741899.
73, 10163
List the prime factors of 7541201.
7541201
What are the prime factors of 5284192?
2, 37, 4463
What are the prime factors of 5431342?
2, 7, 387953
What are the prime factors of 1918502?
2, 277, 3463
List the prime factors of 8676214.
2, 283, 15329
List the prime factors of 4083420.
2, 3, 5, 11, 23, 269
List the prime factors of 656106.
2, 3, 11, 9941
List the prime factors of 77800.
2, 5, 389
List the prime factors of 188959.
37, 5107
What are the prime factors of 38852?
2, 11, 883
What are the prime factors of 620249?
7, 88607
List the prime factors of 271660.
2, 5, 17, 47
What are the prime factors of 9162332?
2, 19, 120557
What are the prime factors of 876281?
7, 125183
List the prime factors of 1285982.
2, 17, 109, 347
What are the prime factors of 6595988?
2, 7, 73, 461
List the prime factors of 1853677.
7, 264811
List the prime factors of 363693.
3, 11, 103, 107
What are the prime factors of 2515040?
2, 5, 11, 1429
What are the prime factors of 44567?
41, 1087
What are the prime factors of 9446279?
131, 72109
What are the prime factors of 726411?
3, 7, 34591
List the prime factors of 2344882.
2, 29, 40429
List the prime factors of 7180